{"id":376,"date":"2024-08-02T15:01:30","date_gmt":"2024-08-02T13:01:30","guid":{"rendered":"https:\/\/projet2sens.com\/?page_id=376"},"modified":"2026-01-18T04:20:35","modified_gmt":"2026-01-18T02:20:35","slug":"la-gestion-mentale","status":"publish","type":"page","link":"https:\/\/projet2sens.com\/?page_id=376","title":{"rendered":"La Gestion Mentale"},"content":{"rendered":"<p>[et_pb_section fb_built=\u00a0\u00bb1&Prime; fullwidth=\u00a0\u00bbon\u00a0\u00bb _builder_version=\u00a0\u00bb4.27.0&Prime; _module_preset=\u00a0\u00bbdefault\u00a0\u00bb locked=\u00a0\u00bboff\u00a0\u00bb global_colors_info=\u00a0\u00bb{}\u00a0\u00bb][et_pb_fullwidth_header title=\u00a0\u00bbLa Gestion Mentale\u00a0\u00bb subhead=\u00a0\u00bbPosture, Concepts, Origines\u00a0\u00bb header_image_url=\u00a0\u00bbhttps:\/\/projet2sens.com\/wp-content\/uploads\/2024\/08\/IMG_4586.jpg\u00a0\u00bb _builder_version=\u00a0\u00bb4.27.0&Prime; _module_preset=\u00a0\u00bbdefault\u00a0\u00bb title_font=\u00a0\u00bbPoppins||||||||\u00a0\u00bb title_text_align=\u00a0\u00bbleft\u00a0\u00bb title_font_size=\u00a0\u00bb71px\u00a0\u00bb title_letter_spacing=\u00a0\u00bb5px\u00a0\u00bb title_line_height=\u00a0\u00bb1.1em\u00a0\u00bb title_font_size_tablet=\u00a0\u00bb54px\u00a0\u00bb title_font_size_phone=\u00a0\u00bb36px\u00a0\u00bb title_font_size_last_edited=\u00a0\u00bbon|tablet\u00a0\u00bb global_colors_info=\u00a0\u00bb{}\u00a0\u00bb][\/et_pb_fullwidth_header][\/et_pb_section][et_pb_section fb_built=\u00a0\u00bb1&Prime; _builder_version=\u00a0\u00bb4.27.0&Prime; _module_preset=\u00a0\u00bbdefault\u00a0\u00bb locked=\u00a0\u00bboff\u00a0\u00bb global_colors_info=\u00a0\u00bb{}\u00a0\u00bb][et_pb_row column_structure=\u00a0\u00bb1_3,1_3,1_3&Prime; use_custom_gutter=\u00a0\u00bbon\u00a0\u00bb gutter_width=\u00a0\u00bb1&Prime; _builder_version=\u00a0\u00bb4.27.0&Prime; _module_preset=\u00a0\u00bbdefault\u00a0\u00bb width=\u00a0\u00bb90%\u00a0\u00bb max_width=\u00a0\u00bb90%\u00a0\u00bb locked=\u00a0\u00bboff\u00a0\u00bb global_colors_info=\u00a0\u00bb{}\u00a0\u00bb][et_pb_column type=\u00a0\u00bb1_3&Prime; _builder_version=\u00a0\u00bb4.27.0&Prime; _module_preset=\u00a0\u00bbdefault\u00a0\u00bb global_colors_info=\u00a0\u00bb{}\u00a0\u00bb][et_pb_blurb title=\u00a0\u00bbPosture\u00a0\u00bb use_icon=\u00a0\u00bbon\u00a0\u00bb font_icon=\u00a0\u00bb&#xe106;||divi||400&Prime; icon_color=\u00a0\u00bbgcid-2762fa02-31d9-46d6-82b5-a327b359a0ec\u00a0\u00bb image_icon_background_color=\u00a0\u00bbRGBA(255,255,255,0)\u00a0\u00bb icon_placement=\u00a0\u00bbleft\u00a0\u00bb image_icon_width=\u00a0\u00bb80px\u00a0\u00bb _builder_version=\u00a0\u00bb4.27.0&Prime; _module_preset=\u00a0\u00bbdefault\u00a0\u00bb header_font=\u00a0\u00bbPoppins|700|||||||\u00a0\u00bb header_text_align=\u00a0\u00bbleft\u00a0\u00bb header_text_color=\u00a0\u00bbgcid-2762fa02-31d9-46d6-82b5-a327b359a0ec\u00a0\u00bb header_font_size=\u00a0\u00bb18px\u00a0\u00bb text_orientation=\u00a0\u00bbjustified\u00a0\u00bb custom_margin=\u00a0\u00bb0px|0px|3%|0px|false|false\u00a0\u00bb custom_padding=\u00a0\u00bb|10%||10%|true|true\u00a0\u00bb locked=\u00a0\u00bboff\u00a0\u00bb global_colors_info=\u00a0\u00bb{%22gcid-2762fa02-31d9-46d6-82b5-a327b359a0ec%22:%91%22icon_color%22,%22header_text_color%22%93}\u00a0\u00bb][\/et_pb_blurb][et_pb_text _builder_version=\u00a0\u00bb4.27.0&Prime; _module_preset=\u00a0\u00bbdefault\u00a0\u00bb custom_margin=\u00a0\u00bb0px|0px|7%|0px|false|false\u00a0\u00bb custom_padding=\u00a0\u00bb|5%||5%|false|true\u00a0\u00bb locked=\u00a0\u00bboff\u00a0\u00bb global_colors_info=\u00a0\u00bb{}\u00a0\u00bb]<\/p>\n<p style=\"text-align: justify;\">La posture de praticien selon l&rsquo;Institut International de Gestion Mentale se caract\u00e9rise par une <strong>\u00e9coute active<\/strong>, une <strong>absence de jugement<\/strong>, une <strong>pr\u00e9sence empathique<\/strong>, et un <strong>respect de l&rsquo;autonomie du client<\/strong>. Le praticien en Gestion Mentale cr\u00e9e un espace de confiance o\u00f9 le client peut <strong>explorer sa fa\u00e7on de donner sens au monde. <\/strong>Gr\u00e2ce au <strong>dialogue p\u00e9dagogique<\/strong>, et \u00e0 l&rsquo;<strong>introspection<\/strong> le praticien accompagne le coach\u00e9 dans la d\u00e9couverte de ses processus mentaux qu&rsquo;il utilise pour apprendre afin de les otpmtiser ou am\u00e9liorer.<\/p>\n<p style=\"text-align: justify;\">Comme coach je suis responsable du processus, mais vous \u00eates responsable du contenu et des d\u00e9cisions. Enfin, j&rsquo;adh\u00e8re \u00e0 des normes \u00e9thiques strictes, notamment en mati\u00e8re de confidentialit\u00e9 et d&rsquo;int\u00e9grit\u00e9.<\/p>\n<p>[\/et_pb_text][\/et_pb_column][et_pb_column type=\u00a0\u00bb1_3&Prime; _builder_version=\u00a0\u00bb4.27.0&Prime; _module_preset=\u00a0\u00bbdefault\u00a0\u00bb global_colors_info=\u00a0\u00bb{}\u00a0\u00bb][et_pb_blurb title=\u00a0\u00bbConcepts\u00a0\u00bb use_icon=\u00a0\u00bbon\u00a0\u00bb font_icon=\u00a0\u00bb&#xe08c;||divi||400&Prime; icon_color=\u00a0\u00bbgcid-2762fa02-31d9-46d6-82b5-a327b359a0ec\u00a0\u00bb image_icon_background_color=\u00a0\u00bbRGBA(255,255,255,0)\u00a0\u00bb icon_placement=\u00a0\u00bbleft\u00a0\u00bb image_icon_width=\u00a0\u00bb80px\u00a0\u00bb _builder_version=\u00a0\u00bb4.27.0&Prime; _module_preset=\u00a0\u00bbdefault\u00a0\u00bb header_font=\u00a0\u00bbPoppins|700|||||||\u00a0\u00bb header_text_align=\u00a0\u00bbleft\u00a0\u00bb header_text_color=\u00a0\u00bbgcid-2762fa02-31d9-46d6-82b5-a327b359a0ec\u00a0\u00bb header_font_size=\u00a0\u00bb18px\u00a0\u00bb text_orientation=\u00a0\u00bbjustified\u00a0\u00bb custom_margin=\u00a0\u00bb0px|0px|3%|0px|false|false\u00a0\u00bb custom_padding=\u00a0\u00bb|10%||10%|true|true\u00a0\u00bb locked=\u00a0\u00bboff\u00a0\u00bb global_colors_info=\u00a0\u00bb{%22gcid-2762fa02-31d9-46d6-82b5-a327b359a0ec%22:%91%22icon_color%22,%22header_text_color%22%93}\u00a0\u00bb][\/et_pb_blurb][et_pb_text _builder_version=\u00a0\u00bb4.27.0&Prime; _module_preset=\u00a0\u00bbdefault\u00a0\u00bb custom_margin=\u00a0\u00bb0px|0px|7%|0px|false|false\u00a0\u00bb custom_padding=\u00a0\u00bb|5%||5%|false|true\u00a0\u00bb locked=\u00a0\u00bboff\u00a0\u00bb global_colors_info=\u00a0\u00bb{}\u00a0\u00bb]<\/p>\n<p style=\"text-align: justify;\"><strong>1. Les \u00e9vocations:<\/strong> Ce sont les repr\u00e9sentations mentales que l&rsquo;on se fait lorsqu&rsquo;on pense \u00e0 quelque chose. Elles peuvent \u00eatre visuelles, auditives, kinesth\u00e9siques, etc. La gestion mentale s&rsquo;int\u00e9resse \u00e0 la mani\u00e8re dont chacun \u00e9voque des informations pour les comprendre et les m\u00e9moriser, les rappeler mentalement, les mettre en liens etc.<\/p>\n<p style=\"text-align: justify;\"><strong>2. Les gestes mentaux:<\/strong> Ce sont des actions mentales que l\u2019on r\u00e9alise pour traiter l&rsquo;information. La Garanderie en identifie cinq principaux :<\/p>\n<p style=\"text-align: justify;\"><span class=\"Apple-converted-space\">\u00a0\u00a0 <\/span>&#8211;<strong> L\u2019attention<\/strong> : Le geste qui consiste \u00e0 se concentrer sur une information ou une t\u00e2che.<\/p>\n<p style=\"text-align: justify;\"><span class=\"Apple-converted-space\">\u00a0\u00a0 <\/span>&#8211; <strong>La m\u00e9morisation :<\/strong> Le geste de retenir une information.<\/p>\n<p style=\"text-align: justify;\"><span class=\"Apple-converted-space\">\u00a0 <\/span><strong>&#8211; La compr\u00e9hension :<\/strong> Le geste d\u2019int\u00e9grer et d\u2019organiser les informations pour leur donner du sens.<\/p>\n<p style=\"text-align: justify;\"><strong><span class=\"Apple-converted-space\">\u00a0\u00a0 <\/span>&#8211; La r\u00e9flexion:<\/strong> Le geste de relier les informations entre elles, d\u2019analyser, de comparer.<\/p>\n<p style=\"text-align: justify;\"><span class=\"Apple-converted-space\">\u00a0\u00a0 <\/span><strong>&#8211; L\u2019imagination cr\u00e9atrice:<\/strong> Le geste de se projeter, de cr\u00e9er de nouvelles \u00e9vocations \u00e0 partir de celles existantes..<\/p>\n<p style=\"text-align: justify;\"><strong>3. Les profils p\u00e9dagogiques:<\/strong> Chaque individu a une mani\u00e8re privil\u00e9gi\u00e9e de traiter l\u2019information, que ce soit par le visuel, l\u2019auditif, le kinesth\u00e9sique, ou une combinaison de ces modalit\u00e9s. Identifier le profil p\u00e9dagogique d\u2019une personne permet d\u2019adapter les strat\u00e9gies d\u2019apprentissage \u00e0 son mode de fonctionnement mental.<\/p>\n<p style=\"text-align: justify;\"><strong>4. La m\u00e9tacognition:<\/strong> Ce concept implique la prise de conscience par l\u2019individu de ses propres processus de pens\u00e9e. En gestion mentale, cela signifie que l\u2019apprenant est amen\u00e9 \u00e0 r\u00e9fl\u00e9chir sur ses propres gestes mentaux et \u00e0 les ajuster pour am\u00e9liorer son apprentissage.<\/p>\n<p style=\"text-align: justify;\"><strong>5. Le(s) projet(s) de sens:<\/strong> C\u2019est la mani\u00e8re dont l&rsquo;apprenant se motive et trouve un sens \u00e0 ce qu&rsquo;il apprend. Il s&rsquo;agit de comprendre pourquoi l\u2019on apprend, ce qui influence fortement la motivation et l&rsquo;efficacit\u00e9 de l&rsquo;apprentissage.<\/p>\n<p>[\/et_pb_text][\/et_pb_column][et_pb_column type=\u00a0\u00bb1_3&Prime; _builder_version=\u00a0\u00bb4.27.0&Prime; _module_preset=\u00a0\u00bbdefault\u00a0\u00bb global_colors_info=\u00a0\u00bb{}\u00a0\u00bb][et_pb_blurb title=\u00a0\u00bbOrigines\u00a0\u00bb use_icon=\u00a0\u00bbon\u00a0\u00bb font_icon=\u00a0\u00bb&#xf7d3;||fa||400&Prime; icon_color=\u00a0\u00bbgcid-2762fa02-31d9-46d6-82b5-a327b359a0ec\u00a0\u00bb image_icon_background_color=\u00a0\u00bbRGBA(255,255,255,0)\u00a0\u00bb icon_placement=\u00a0\u00bbleft\u00a0\u00bb image_icon_width=\u00a0\u00bb80px\u00a0\u00bb _builder_version=\u00a0\u00bb4.27.0&Prime; _module_preset=\u00a0\u00bbdefault\u00a0\u00bb header_font=\u00a0\u00bbPoppins|700|||||||\u00a0\u00bb header_text_align=\u00a0\u00bbleft\u00a0\u00bb header_text_color=\u00a0\u00bbgcid-2762fa02-31d9-46d6-82b5-a327b359a0ec\u00a0\u00bb header_font_size=\u00a0\u00bb18px\u00a0\u00bb text_orientation=\u00a0\u00bbjustified\u00a0\u00bb custom_margin=\u00a0\u00bb0px|0px|3%|0px|false|false\u00a0\u00bb custom_padding=\u00a0\u00bb|10%||10%|true|true\u00a0\u00bb locked=\u00a0\u00bboff\u00a0\u00bb global_colors_info=\u00a0\u00bb{%22gcid-2762fa02-31d9-46d6-82b5-a327b359a0ec%22:%91%22icon_color%22,%22header_text_color%22%93}\u00a0\u00bb][\/et_pb_blurb][et_pb_text _builder_version=\u00a0\u00bb4.27.0&Prime; _module_preset=\u00a0\u00bbdefault\u00a0\u00bb custom_margin=\u00a0\u00bb0px|0px|7%|0px|false|false\u00a0\u00bb custom_padding=\u00a0\u00bb|5%||5%|false|true\u00a0\u00bb locked=\u00a0\u00bboff\u00a0\u00bb global_colors_info=\u00a0\u00bb{}\u00a0\u00bb]<\/p>\n<p style=\"text-align: justify;\">La Gestion Mentale, d\u00e9velopp\u00e9e par <strong>Antoine de la Garanderie<\/strong> dans les ann\u00e9es 1970, est une p\u00e9dagogie centr\u00e9e sur la <strong>prise de conscience<\/strong> et l&rsquo;<strong>am\u00e9lioration des processus mentaux<\/strong> utilis\u00e9s <strong>pour apprendre<\/strong>. De la Garanderie a observ\u00e9 que chaque individu a des \u00ab\u00a0gestes mentaux\u00a0\u00bb sp\u00e9cifiques, comme la m\u00e9morisation, la compr\u00e9hension, ou l&rsquo;attention, qui influencent la fa\u00e7on dont il apprend. Il a mis en lumi\u00e8re l&rsquo;importance de ces gestes et a propos\u00e9 des <strong>techniques pour les optimiser<\/strong>, permettant ainsi aux apprenants de mieux comprendre comment ils pensent et apprennent, afin de <strong>d\u00e9velopper des strat\u00e9gies efficaces pour r\u00e9ussir<\/strong>.<\/p>\n<p>[\/et_pb_text][\/et_pb_column][\/et_pb_row][\/et_pb_section]<\/p>\n","protected":false},"excerpt":{"rendered":"<p>La posture de praticien selon l&rsquo;Institut International de Gestion Mentale se caract\u00e9rise par une \u00e9coute active, une absence de jugement, une pr\u00e9sence empathique, et un respect de l&rsquo;autonomie du client. Le praticien en Gestion Mentale cr\u00e9e un espace de confiance o\u00f9 le client peut explorer sa fa\u00e7on de donner sens au monde. Gr\u00e2ce au dialogue [&hellip;]<\/p>\n","protected":false},"author":1,"featured_media":0,"parent":0,"menu_order":0,"comment_status":"closed","ping_status":"closed","template":"","meta":{"_et_pb_use_builder":"on","_et_pb_old_content":"","_et_gb_content_width":"","_themeisle_gutenberg_block_has_review":false,"footnotes":""},"class_list":["post-376","page","type-page","status-publish","hentry"],"_links":{"self":[{"href":"https:\/\/projet2sens.com\/index.php?rest_route=\/wp\/v2\/pages\/376","targetHints":{"allow":["GET"]}}],"collection":[{"href":"https:\/\/projet2sens.com\/index.php?rest_route=\/wp\/v2\/pages"}],"about":[{"href":"https:\/\/projet2sens.com\/index.php?rest_route=\/wp\/v2\/types\/page"}],"author":[{"embeddable":true,"href":"https:\/\/projet2sens.com\/index.php?rest_route=\/wp\/v2\/users\/1"}],"replies":[{"embeddable":true,"href":"https:\/\/projet2sens.com\/index.php?rest_route=%2Fwp%2Fv2%2Fcomments&post=376"}],"version-history":[{"count":7,"href":"https:\/\/projet2sens.com\/index.php?rest_route=\/wp\/v2\/pages\/376\/revisions"}],"predecessor-version":[{"id":1489,"href":"https:\/\/projet2sens.com\/index.php?rest_route=\/wp\/v2\/pages\/376\/revisions\/1489"}],"wp:attachment":[{"href":"https:\/\/projet2sens.com\/index.php?rest_route=%2Fwp%2Fv2%2Fmedia&parent=376"}],"curies":[{"name":"wp","href":"https:\/\/api.w.org\/{rel}","templated":true}]}}

<p>[et_pb_section fb_built= »1&Prime; fullwidth= »on » _builder_version= »4.27.0&Prime; _module_preset= »default » locked= »off » global_colors_info= »{} »][et_pb_fullwidth_header title= »La Gestion Mentale » subhead= »Posture, Concepts, Origines » header_image_url= »https://projet2sens.com/wp-content/uploads/2024/08/IMG_4586.jpg » _builder_version= »4.27.0&Prime; _module_preset= »default » title_font= »Poppins|||||||| » title_text_align= »left » title_font_size= »71px » title_letter_spacing= »5px » title_line_height= »1.1em » title_font_size_tablet= »54px » title_font_size_phone= »36px » title_font_size_last_edited= »on|tablet » global_colors_info= »{} »][/et_pb_fullwidth_header][/et_pb_section][et_pb_section fb_built= »1&Prime; _builder_version= »4.27.0&Prime; _module_preset= »default » locked= »off » global_colors_info= »{} »][et_pb_row column_structure= »1_3,1_3,1_3&Prime; use_custom_gutter= »on » gutter_width= »1&Prime; _builder_version= »4.27.0&Prime; _module_preset= »default » width= »90% » max_width= »90% » locked= »off » global_colors_info= »{} »][et_pb_column type= »1_3&Prime; _builder_version= »4.27.0&Prime; _module_preset= »default » global_colors_info= »{} »][et_pb_blurb title= »Posture » use_icon= »on » font_icon= »&#xe106;||divi||400&Prime; icon_color= »gcid-2762fa02-31d9-46d6-82b5-a327b359a0ec » image_icon_background_color= »RGBA(255,255,255,0) » icon_placement= »left » image_icon_width= »80px » _builder_version= »4.27.0&Prime; _module_preset= »default » header_font= »Poppins|700||||||| » header_text_align= »left » header_text_color= »gcid-2762fa02-31d9-46d6-82b5-a327b359a0ec » header_font_size= »18px » text_orientation= »justified » custom_margin= »0px|0px|3%|0px|false|false » custom_padding= »|10%||10%|true|true » locked= »off » global_colors_info= »{%22gcid-2762fa02-31d9-46d6-82b5-a327b359a0ec%22:%91%22icon_color%22,%22header_text_color%22%93} »][/et_pb_blurb][et_pb_text _builder_version= »4.27.0&Prime; _module_preset= »default » custom_margin= »0px|0px|7%|0px|false|false » custom_padding= »|5%||5%|false|true » locked= »off » global_colors_info= »{} »]</p>
<p style="text-align: justify;">La posture de praticien selon l&rsquo;Institut International de Gestion Mentale se caractérise par une <strong>écoute active</strong>, une <strong>absence de jugement</strong>, une <strong>présence empathique</strong>, et un <strong>respect de l&rsquo;autonomie du client</strong>. Le praticien en Gestion Mentale crée un espace de confiance où le client peut <strong>explorer sa façon de donner sens au monde. </strong>Grâce au <strong>dialogue pédagogique</strong>, et à l&rsquo;<strong>introspection</strong> le praticien accompagne le coaché dans la découverte de ses processus mentaux qu&rsquo;il utilise pour apprendre afin de les otpmtiser ou améliorer.</p>
<p style="text-align: justify;">Comme coach je suis responsable du processus, mais vous êtes responsable du contenu et des décisions. Enfin, j&rsquo;adhère à des normes éthiques strictes, notamment en matière de confidentialité et d&rsquo;intégrité.</p>
<p>[/et_pb_text][/et_pb_column][et_pb_column type= »1_3&Prime; _builder_version= »4.27.0&Prime; _module_preset= »default » global_colors_info= »{} »][et_pb_blurb title= »Concepts » use_icon= »on » font_icon= »&#xe08c;||divi||400&Prime; icon_color= »gcid-2762fa02-31d9-46d6-82b5-a327b359a0ec » image_icon_background_color= »RGBA(255,255,255,0) » icon_placement= »left » image_icon_width= »80px » _builder_version= »4.27.0&Prime; _module_preset= »default » header_font= »Poppins|700||||||| » header_text_align= »left » header_text_color= »gcid-2762fa02-31d9-46d6-82b5-a327b359a0ec » header_font_size= »18px » text_orientation= »justified » custom_margin= »0px|0px|3%|0px|false|false » custom_padding= »|10%||10%|true|true » locked= »off » global_colors_info= »{%22gcid-2762fa02-31d9-46d6-82b5-a327b359a0ec%22:%91%22icon_color%22,%22header_text_color%22%93} »][/et_pb_blurb][et_pb_text _builder_version= »4.27.0&Prime; _module_preset= »default » custom_margin= »0px|0px|7%|0px|false|false » custom_padding= »|5%||5%|false|true » locked= »off » global_colors_info= »{} »]</p>
<p style="text-align: justify;"><strong>1. Les évocations:</strong> Ce sont les représentations mentales que l&rsquo;on se fait lorsqu&rsquo;on pense à quelque chose. Elles peuvent être visuelles, auditives, kinesthésiques, etc. La gestion mentale s&rsquo;intéresse à la manière dont chacun évoque des informations pour les comprendre et les mémoriser, les rappeler mentalement, les mettre en liens etc.</p>
<p style="text-align: justify;"><strong>2. Les gestes mentaux:</strong> Ce sont des actions mentales que l’on réalise pour traiter l&rsquo;information. La Garanderie en identifie cinq principaux :</p>
<p style="text-align: justify;"><span class="Apple-converted-space">   </span>&#8211;<strong> L’attention</strong> : Le geste qui consiste à se concentrer sur une information ou une tâche.</p>
<p style="text-align: justify;"><span class="Apple-converted-space">   </span>&#8211; <strong>La mémorisation :</strong> Le geste de retenir une information.</p>
<p style="text-align: justify;"><span class="Apple-converted-space">  </span><strong>&#8211; La compréhension :</strong> Le geste d’intégrer et d’organiser les informations pour leur donner du sens.</p>
<p style="text-align: justify;"><strong><span class="Apple-converted-space">   </span>&#8211; La réflexion:</strong> Le geste de relier les informations entre elles, d’analyser, de comparer.</p>
<p style="text-align: justify;"><span class="Apple-converted-space">   </span><strong>&#8211; L’imagination créatrice:</strong> Le geste de se projeter, de créer de nouvelles évocations à partir de celles existantes..</p>
<p style="text-align: justify;"><strong>3. Les profils pédagogiques:</strong> Chaque individu a une manière privilégiée de traiter l’information, que ce soit par le visuel, l’auditif, le kinesthésique, ou une combinaison de ces modalités. Identifier le profil pédagogique d’une personne permet d’adapter les stratégies d’apprentissage à son mode de fonctionnement mental.</p>
<p style="text-align: justify;"><strong>4. La métacognition:</strong> Ce concept implique la prise de conscience par l’individu de ses propres processus de pensée. En gestion mentale, cela signifie que l’apprenant est amené à réfléchir sur ses propres gestes mentaux et à les ajuster pour améliorer son apprentissage.</p>
<p style="text-align: justify;"><strong>5. Le(s) projet(s) de sens:</strong> C’est la manière dont l&rsquo;apprenant se motive et trouve un sens à ce qu&rsquo;il apprend. Il s&rsquo;agit de comprendre pourquoi l’on apprend, ce qui influence fortement la motivation et l&rsquo;efficacité de l&rsquo;apprentissage.</p>
<p>[/et_pb_text][/et_pb_column][et_pb_column type= »1_3&Prime; _builder_version= »4.27.0&Prime; _module_preset= »default » global_colors_info= »{} »][et_pb_blurb title= »Origines » use_icon= »on » font_icon= »&#xf7d3;||fa||400&Prime; icon_color= »gcid-2762fa02-31d9-46d6-82b5-a327b359a0ec » image_icon_background_color= »RGBA(255,255,255,0) » icon_placement= »left » image_icon_width= »80px » _builder_version= »4.27.0&Prime; _module_preset= »default » header_font= »Poppins|700||||||| » header_text_align= »left » header_text_color= »gcid-2762fa02-31d9-46d6-82b5-a327b359a0ec » header_font_size= »18px » text_orientation= »justified » custom_margin= »0px|0px|3%|0px|false|false » custom_padding= »|10%||10%|true|true » locked= »off » global_colors_info= »{%22gcid-2762fa02-31d9-46d6-82b5-a327b359a0ec%22:%91%22icon_color%22,%22header_text_color%22%93} »][/et_pb_blurb][et_pb_text _builder_version= »4.27.0&Prime; _module_preset= »default » custom_margin= »0px|0px|7%|0px|false|false » custom_padding= »|5%||5%|false|true » locked= »off » global_colors_info= »{} »]</p>
<p style="text-align: justify;">La Gestion Mentale, développée par <strong>Antoine de la Garanderie</strong> dans les années 1970, est une pédagogie centrée sur la <strong>prise de conscience</strong> et l&rsquo;<strong>amélioration des processus mentaux</strong> utilisés <strong>pour apprendre</strong>. De la Garanderie a observé que chaque individu a des « gestes mentaux » spécifiques, comme la mémorisation, la compréhension, ou l&rsquo;attention, qui influencent la façon dont il apprend. Il a mis en lumière l&rsquo;importance de ces gestes et a proposé des <strong>techniques pour les optimiser</strong>, permettant ainsi aux apprenants de mieux comprendre comment ils pensent et apprennent, afin de <strong>développer des stratégies efficaces pour réussir</strong>.</p>
<p>[/et_pb_text][/et_pb_column][/et_pb_row][/et_pb_section]</p>

<p>La posture de praticien selon l&rsquo;Institut International de Gestion Mentale se caractérise par une écoute active, une absence de jugement, une présence empathique, et un respect de l&rsquo;autonomie du client. Le praticien en Gestion Mentale crée un espace de confiance où le client peut explorer sa façon de donner sens au monde. Grâce au dialogue [&hellip;]</p>
