{"id":1241,"date":"2026-01-10T20:13:43","date_gmt":"2026-01-10T18:13:43","guid":{"rendered":"https:\/\/projet2sens.com\/?page_id=1241"},"modified":"2026-01-10T20:13:43","modified_gmt":"2026-01-10T18:13:43","slug":"left","status":"publish","type":"page","link":"https:\/\/projet2sens.com\/?page_id=1241","title":{"rendered":"L&rsquo;EFT"},"content":{"rendered":"<p>[et_pb_section fb_built=\u00a0\u00bb1&Prime; fullwidth=\u00a0\u00bbon\u00a0\u00bb _builder_version=\u00a0\u00bb4.27.0&Prime; _module_preset=\u00a0\u00bbdefault\u00a0\u00bb locked=\u00a0\u00bboff\u00a0\u00bb global_colors_info=\u00a0\u00bb{}\u00a0\u00bb][et_pb_fullwidth_header title=\u00a0\u00bbL&rsquo;EFT\u00a0\u00bb subhead=\u00a0\u00bbPosture, Concepts, Origines\u00a0\u00bb header_image_url=\u00a0\u00bbhttps:\/\/projet2sens.com\/wp-content\/uploads\/2026\/01\/IMG_3592.jpg\u00a0\u00bb _builder_version=\u00a0\u00bb4.27.5&Prime; _module_preset=\u00a0\u00bbdefault\u00a0\u00bb title_font=\u00a0\u00bbPoppins||||||||\u00a0\u00bb title_text_align=\u00a0\u00bbleft\u00a0\u00bb title_font_size=\u00a0\u00bb71px\u00a0\u00bb title_letter_spacing=\u00a0\u00bb5px\u00a0\u00bb title_line_height=\u00a0\u00bb1.1em\u00a0\u00bb title_font_size_tablet=\u00a0\u00bb54px\u00a0\u00bb title_font_size_phone=\u00a0\u00bb36px\u00a0\u00bb title_font_size_last_edited=\u00a0\u00bbon|tablet\u00a0\u00bb global_colors_info=\u00a0\u00bb{}\u00a0\u00bb][\/et_pb_fullwidth_header][\/et_pb_section][et_pb_section fb_built=\u00a0\u00bb1&Prime; _builder_version=\u00a0\u00bb4.27.0&Prime; _module_preset=\u00a0\u00bbdefault\u00a0\u00bb locked=\u00a0\u00bboff\u00a0\u00bb global_colors_info=\u00a0\u00bb{}\u00a0\u00bb][et_pb_row column_structure=\u00a0\u00bb1_3,1_3,1_3&Prime; use_custom_gutter=\u00a0\u00bbon\u00a0\u00bb gutter_width=\u00a0\u00bb1&Prime; _builder_version=\u00a0\u00bb4.27.0&Prime; _module_preset=\u00a0\u00bbdefault\u00a0\u00bb width=\u00a0\u00bb90%\u00a0\u00bb max_width=\u00a0\u00bb90%\u00a0\u00bb locked=\u00a0\u00bboff\u00a0\u00bb global_colors_info=\u00a0\u00bb{}\u00a0\u00bb][et_pb_column type=\u00a0\u00bb1_3&Prime; _builder_version=\u00a0\u00bb4.27.0&Prime; _module_preset=\u00a0\u00bbdefault\u00a0\u00bb global_colors_info=\u00a0\u00bb{}\u00a0\u00bb][et_pb_blurb title=\u00a0\u00bbPosture\u00a0\u00bb use_icon=\u00a0\u00bbon\u00a0\u00bb font_icon=\u00a0\u00bb&#xe106;||divi||400&Prime; icon_color=\u00a0\u00bbgcid-2762fa02-31d9-46d6-82b5-a327b359a0ec\u00a0\u00bb image_icon_background_color=\u00a0\u00bbRGBA(255,255,255,0)\u00a0\u00bb icon_placement=\u00a0\u00bbleft\u00a0\u00bb image_icon_width=\u00a0\u00bb80px\u00a0\u00bb _builder_version=\u00a0\u00bb4.27.0&Prime; _module_preset=\u00a0\u00bbdefault\u00a0\u00bb header_font=\u00a0\u00bbPoppins|700|||||||\u00a0\u00bb header_text_align=\u00a0\u00bbleft\u00a0\u00bb header_text_color=\u00a0\u00bbgcid-2762fa02-31d9-46d6-82b5-a327b359a0ec\u00a0\u00bb header_font_size=\u00a0\u00bb18px\u00a0\u00bb text_orientation=\u00a0\u00bbjustified\u00a0\u00bb custom_margin=\u00a0\u00bb0px|0px|3%|0px|false|false\u00a0\u00bb custom_padding=\u00a0\u00bb|10%||10%|true|true\u00a0\u00bb locked=\u00a0\u00bboff\u00a0\u00bb global_colors_info=\u00a0\u00bb{%22gcid-2762fa02-31d9-46d6-82b5-a327b359a0ec%22:%91%22icon_color%22,%22header_text_color%22%93}\u00a0\u00bb][\/et_pb_blurb][et_pb_text _builder_version=\u00a0\u00bb4.27.0&Prime; _module_preset=\u00a0\u00bbdefault\u00a0\u00bb custom_margin=\u00a0\u00bb0px|0px|7%|0px|false|false\u00a0\u00bb custom_padding=\u00a0\u00bb|5%||5%|false|true\u00a0\u00bb locked=\u00a0\u00bboff\u00a0\u00bb global_colors_info=\u00a0\u00bb{}\u00a0\u00bb]<\/p>\n<p><span>Dans la pratique de l\u2019EFT, j\u2019adopte une posture de <strong>pr\u00e9sence calme, r\u00e9gul\u00e9e et profond\u00e9ment s\u00e9curisante,<\/strong> o\u00f9 la <strong>s\u00e9curit\u00e9 \u00e9motionnelle et le respect du rythme de la personne<\/strong> accompagn\u00e9e priment toujours. Je m\u2019appuie sur une \u00e9coute fine \u00e0 la fois \u00e9motionnelle, corporelle et narrative, et je travaille dans une <strong>position collaborative et non directive<\/strong>, sans jamais forcer l\u2019acc\u00e8s aux souvenirs ou aux \u00e9motions. <strong>J\u2019ajuste en permanence<\/strong> l\u2019intensit\u00e9 du travail pour rester dans la zone optimale de travail de la personne accompagn\u00e9e. Je suis garant du cadre de travail afin de permettre un travail efficace dans le respect de mon \u00e9thique et de la d\u00e9ontologie de l&rsquo;EFTi. <\/span><\/p>\n<p><span>Dans mon parcours EFTi, suite aux cours organis\u00e9s par l&rsquo;IBK, et au passage de l&rsquo;examen th\u00e9orique, je suis actuellement dans une pratique de s\u00e9ances offertes aux clients (s\u00e9ances gratuites) dans l&rsquo;objectif de l&rsquo;obtention de la certification d\u00e9but 2026. Je suis dans ce cadre supervis\u00e9 par une formatrice senior en EFT.\u00a0<\/span><\/p>\n<p>[\/et_pb_text][\/et_pb_column][et_pb_column type=\u00a0\u00bb1_3&Prime; _builder_version=\u00a0\u00bb4.27.0&Prime; _module_preset=\u00a0\u00bbdefault\u00a0\u00bb global_colors_info=\u00a0\u00bb{}\u00a0\u00bb][et_pb_blurb title=\u00a0\u00bbConcepts\u00a0\u00bb use_icon=\u00a0\u00bbon\u00a0\u00bb font_icon=\u00a0\u00bb&#xe08c;||divi||400&Prime; icon_color=\u00a0\u00bbgcid-2762fa02-31d9-46d6-82b5-a327b359a0ec\u00a0\u00bb image_icon_background_color=\u00a0\u00bbRGBA(255,255,255,0)\u00a0\u00bb icon_placement=\u00a0\u00bbleft\u00a0\u00bb image_icon_width=\u00a0\u00bb80px\u00a0\u00bb _builder_version=\u00a0\u00bb4.27.0&Prime; _module_preset=\u00a0\u00bbdefault\u00a0\u00bb header_font=\u00a0\u00bbPoppins|700|||||||\u00a0\u00bb header_text_align=\u00a0\u00bbleft\u00a0\u00bb header_text_color=\u00a0\u00bbgcid-2762fa02-31d9-46d6-82b5-a327b359a0ec\u00a0\u00bb header_font_size=\u00a0\u00bb18px\u00a0\u00bb text_orientation=\u00a0\u00bbjustified\u00a0\u00bb custom_margin=\u00a0\u00bb0px|0px|3%|0px|false|false\u00a0\u00bb custom_padding=\u00a0\u00bb|10%||10%|true|true\u00a0\u00bb locked=\u00a0\u00bboff\u00a0\u00bb global_colors_info=\u00a0\u00bb{%22gcid-2762fa02-31d9-46d6-82b5-a327b359a0ec%22:%91%22icon_color%22,%22header_text_color%22%93}\u00a0\u00bb][\/et_pb_blurb][et_pb_text _builder_version=\u00a0\u00bb4.27.0&Prime; _module_preset=\u00a0\u00bbdefault\u00a0\u00bb custom_margin=\u00a0\u00bb0px|0px|7%|0px|false|false\u00a0\u00bb custom_padding=\u00a0\u00bb|5%||5%|false|true\u00a0\u00bb locked=\u00a0\u00bboff\u00a0\u00bb global_colors_info=\u00a0\u00bb{}\u00a0\u00bb]<\/p>\n<p data-start=\"254\" data-end=\"599\">L\u2019<strong>EFT<\/strong>, aussi appel\u00e9e \u00ab <strong>tapping<\/strong> \u00bb, est une <strong>m\u00e9thode simple, naturelle, remarquablement efficace et rapide \u00a0<\/strong>pour apaiser le stress, les \u00e9motions difficiles et certains blocages. Elle consiste \u00e0<strong> tapoter<\/strong> doucement sur des points pr\u00e9cis du visage et du haut du corps <strong>tout en se \u00ab\u00a0concentrant, ou disant ce que l\u2019on ressent\u00a0\u00bb<\/strong> : une \u00e9motion, un souvenir, une peur ou une situation qui pose probl\u00e8me. Elle est une forme de psychologie \u00e9nerg\u00e9tique.<\/p>\n<p data-start=\"601\" data-end=\"786\">Quand nous vivons du <strong>stress, le corps peut rester bloqu\u00e9 en mode alerte,<\/strong> m\u00eame une fois la situation pass\u00e9e, longtemps apr\u00e8s l&rsquo;\u00e9v\u00e8nement. <strong>L\u2019EFT aide le syst\u00e8me nerveux \u00e0 se calmer et \u00e0 retrouver un \u00e9tat de s\u00e9curit\u00e9.<\/strong><\/p>\n<p data-start=\"788\" data-end=\"1028\">En associant l\u2019attention port\u00e9e au probl\u00e8me et le tapping, le cerveau peut <strong>rel\u00e2cher progressivement la tension \u00e9motionnelle<\/strong>. L\u2019intensit\u00e9 diminue, le corps se d\u00e9tend, et la personne retrouve calme, clart\u00e9 et \u00a0libert\u00e9 int\u00e9rieure.<\/p>\n<p data-start=\"1030\" data-end=\"1170\"><strong>L\u2019EFT est utilis\u00e9e pour le stress, l\u2019anxi\u00e9t\u00e9, les peurs, les phobies, le manque de confiance, les souvenirs difficiles, les douleurs, la fibromyalgie et certaines tensions corporelles etc.<\/strong>\u00a0<\/p>\n<p data-start=\"1030\" data-end=\"1170\"><strong><span style=\"text-decoration: underline;\">Par exemple<\/span><\/strong> la <strong>peur des examens<\/strong>, difficult\u00e9s d&rsquo;apprentissage, phobie des araign\u00e9es, insomnie, <strong>manque d&rsquo;estime de soi<\/strong>, \u00e9paule bloqu\u00e9e.\u00a0<\/p>\n<p data-start=\"1030\" data-end=\"1170\">\n<p style=\"text-align: justify;\">\n<p>[\/et_pb_text][\/et_pb_column][et_pb_column type=\u00a0\u00bb1_3&Prime; _builder_version=\u00a0\u00bb4.27.0&Prime; _module_preset=\u00a0\u00bbdefault\u00a0\u00bb global_colors_info=\u00a0\u00bb{}\u00a0\u00bb][et_pb_blurb title=\u00a0\u00bbOrigines\u00a0\u00bb use_icon=\u00a0\u00bbon\u00a0\u00bb font_icon=\u00a0\u00bb&#xf7d3;||fa||400&Prime; icon_color=\u00a0\u00bbgcid-2762fa02-31d9-46d6-82b5-a327b359a0ec\u00a0\u00bb image_icon_background_color=\u00a0\u00bbRGBA(255,255,255,0)\u00a0\u00bb icon_placement=\u00a0\u00bbleft\u00a0\u00bb image_icon_width=\u00a0\u00bb80px\u00a0\u00bb _builder_version=\u00a0\u00bb4.27.0&Prime; _module_preset=\u00a0\u00bbdefault\u00a0\u00bb header_font=\u00a0\u00bbPoppins|700|||||||\u00a0\u00bb header_text_align=\u00a0\u00bbleft\u00a0\u00bb header_text_color=\u00a0\u00bbgcid-2762fa02-31d9-46d6-82b5-a327b359a0ec\u00a0\u00bb header_font_size=\u00a0\u00bb18px\u00a0\u00bb text_orientation=\u00a0\u00bbjustified\u00a0\u00bb custom_margin=\u00a0\u00bb0px|0px|3%|0px|false|false\u00a0\u00bb custom_padding=\u00a0\u00bb|10%||10%|true|true\u00a0\u00bb locked=\u00a0\u00bboff\u00a0\u00bb global_colors_info=\u00a0\u00bb{%22gcid-2762fa02-31d9-46d6-82b5-a327b359a0ec%22:%91%22icon_color%22,%22header_text_color%22%93}\u00a0\u00bb][\/et_pb_blurb][et_pb_text _builder_version=\u00a0\u00bb4.27.0&Prime; _module_preset=\u00a0\u00bbdefault\u00a0\u00bb custom_margin=\u00a0\u00bb0px|0px|7%|0px|false|false\u00a0\u00bb custom_padding=\u00a0\u00bb|5%||5%|false|true\u00a0\u00bb locked=\u00a0\u00bboff\u00a0\u00bb global_colors_info=\u00a0\u00bb{}\u00a0\u00bb]<\/p>\n<p>L&rsquo;<strong>EFT<\/strong> allie les connaissances issues:<\/p>\n<p>&#8211; de l&rsquo;<strong>ancienne m\u00e9decine chinoise<\/strong> concernant l&rsquo;acupuncture (syst\u00e8me des m\u00e9ridiens, circulation de l&rsquo;\u00e9nergie etc.).<\/p>\n<p>&#8211; la Th\u00e9orie par les champs de pens\u00e9e \u00a0(<strong>TFT<\/strong>), d\u00e8s 1980 (Roger Callahan). Recourant aux tapotements non invasifs au lieu des techniques avec aiguilles de l&rsquo;acupuncture.<\/p>\n<p><strong>dans une discipline moderne, contemporaine, \u00a0appartenant au champ de la psychologie \u00e9nerg\u00e9tique,<\/strong> d\u00e8s 1995 (Gary Craig). \u00a0<\/p>\n<p>&nbsp;<\/p>\n<p>[\/et_pb_text][\/et_pb_column][\/et_pb_row][\/et_pb_section]<\/p>\n","protected":false},"excerpt":{"rendered":"<p>Dans la pratique de l\u2019EFT, j\u2019adopte une posture de pr\u00e9sence calme, r\u00e9gul\u00e9e et profond\u00e9ment s\u00e9curisante, o\u00f9 la s\u00e9curit\u00e9 \u00e9motionnelle et le respect du rythme de la personne accompagn\u00e9e priment toujours. Je m\u2019appuie sur une \u00e9coute fine \u00e0 la fois \u00e9motionnelle, corporelle et narrative, et je travaille dans une position collaborative et non directive, sans jamais [&hellip;]<\/p>\n","protected":false},"author":1,"featured_media":0,"parent":0,"menu_order":0,"comment_status":"closed","ping_status":"closed","template":"","meta":{"_et_pb_use_builder":"on","_et_pb_old_content":"","_et_gb_content_width":"","_themeisle_gutenberg_block_has_review":false,"footnotes":""},"class_list":["post-1241","page","type-page","status-publish","hentry"],"_links":{"self":[{"href":"https:\/\/projet2sens.com\/index.php?rest_route=\/wp\/v2\/pages\/1241","targetHints":{"allow":["GET"]}}],"collection":[{"href":"https:\/\/projet2sens.com\/index.php?rest_route=\/wp\/v2\/pages"}],"about":[{"href":"https:\/\/projet2sens.com\/index.php?rest_route=\/wp\/v2\/types\/page"}],"author":[{"embeddable":true,"href":"https:\/\/projet2sens.com\/index.php?rest_route=\/wp\/v2\/users\/1"}],"replies":[{"embeddable":true,"href":"https:\/\/projet2sens.com\/index.php?rest_route=%2Fwp%2Fv2%2Fcomments&post=1241"}],"version-history":[{"count":6,"href":"https:\/\/projet2sens.com\/index.php?rest_route=\/wp\/v2\/pages\/1241\/revisions"}],"predecessor-version":[{"id":1250,"href":"https:\/\/projet2sens.com\/index.php?rest_route=\/wp\/v2\/pages\/1241\/revisions\/1250"}],"wp:attachment":[{"href":"https:\/\/projet2sens.com\/index.php?rest_route=%2Fwp%2Fv2%2Fmedia&parent=1241"}],"curies":[{"name":"wp","href":"https:\/\/api.w.org\/{rel}","templated":true}]}}

<p>[et_pb_section fb_built= »1&Prime; fullwidth= »on » _builder_version= »4.27.0&Prime; _module_preset= »default » locked= »off » global_colors_info= »{} »][et_pb_fullwidth_header title= »L&rsquo;EFT » subhead= »Posture, Concepts, Origines » header_image_url= »https://projet2sens.com/wp-content/uploads/2026/01/IMG_3592.jpg » _builder_version= »4.27.5&Prime; _module_preset= »default » title_font= »Poppins|||||||| » title_text_align= »left » title_font_size= »71px » title_letter_spacing= »5px » title_line_height= »1.1em » title_font_size_tablet= »54px » title_font_size_phone= »36px » title_font_size_last_edited= »on|tablet » global_colors_info= »{} »][/et_pb_fullwidth_header][/et_pb_section][et_pb_section fb_built= »1&Prime; _builder_version= »4.27.0&Prime; _module_preset= »default » locked= »off » global_colors_info= »{} »][et_pb_row column_structure= »1_3,1_3,1_3&Prime; use_custom_gutter= »on » gutter_width= »1&Prime; _builder_version= »4.27.0&Prime; _module_preset= »default » width= »90% » max_width= »90% » locked= »off » global_colors_info= »{} »][et_pb_column type= »1_3&Prime; _builder_version= »4.27.0&Prime; _module_preset= »default » global_colors_info= »{} »][et_pb_blurb title= »Posture » use_icon= »on » font_icon= »&#xe106;||divi||400&Prime; icon_color= »gcid-2762fa02-31d9-46d6-82b5-a327b359a0ec » image_icon_background_color= »RGBA(255,255,255,0) » icon_placement= »left » image_icon_width= »80px » _builder_version= »4.27.0&Prime; _module_preset= »default » header_font= »Poppins|700||||||| » header_text_align= »left » header_text_color= »gcid-2762fa02-31d9-46d6-82b5-a327b359a0ec » header_font_size= »18px » text_orientation= »justified » custom_margin= »0px|0px|3%|0px|false|false » custom_padding= »|10%||10%|true|true » locked= »off » global_colors_info= »{%22gcid-2762fa02-31d9-46d6-82b5-a327b359a0ec%22:%91%22icon_color%22,%22header_text_color%22%93} »][/et_pb_blurb][et_pb_text _builder_version= »4.27.0&Prime; _module_preset= »default » custom_margin= »0px|0px|7%|0px|false|false » custom_padding= »|5%||5%|false|true » locked= »off » global_colors_info= »{} »]</p>
<p><span>Dans la pratique de l’EFT, j’adopte une posture de <strong>présence calme, régulée et profondément sécurisante,</strong> où la <strong>sécurité émotionnelle et le respect du rythme de la personne</strong> accompagnée priment toujours. Je m’appuie sur une écoute fine à la fois émotionnelle, corporelle et narrative, et je travaille dans une <strong>position collaborative et non directive</strong>, sans jamais forcer l’accès aux souvenirs ou aux émotions. <strong>J’ajuste en permanence</strong> l’intensité du travail pour rester dans la zone optimale de travail de la personne accompagnée. Je suis garant du cadre de travail afin de permettre un travail efficace dans le respect de mon éthique et de la déontologie de l&rsquo;EFTi. </span></p>
<p><span>Dans mon parcours EFTi, suite aux cours organisés par l&rsquo;IBK, et au passage de l&rsquo;examen théorique, je suis actuellement dans une pratique de séances offertes aux clients (séances gratuites) dans l&rsquo;objectif de l&rsquo;obtention de la certification début 2026. Je suis dans ce cadre supervisé par une formatrice senior en EFT. </span></p>
<p>[/et_pb_text][/et_pb_column][et_pb_column type= »1_3&Prime; _builder_version= »4.27.0&Prime; _module_preset= »default » global_colors_info= »{} »][et_pb_blurb title= »Concepts » use_icon= »on » font_icon= »&#xe08c;||divi||400&Prime; icon_color= »gcid-2762fa02-31d9-46d6-82b5-a327b359a0ec » image_icon_background_color= »RGBA(255,255,255,0) » icon_placement= »left » image_icon_width= »80px » _builder_version= »4.27.0&Prime; _module_preset= »default » header_font= »Poppins|700||||||| » header_text_align= »left » header_text_color= »gcid-2762fa02-31d9-46d6-82b5-a327b359a0ec » header_font_size= »18px » text_orientation= »justified » custom_margin= »0px|0px|3%|0px|false|false » custom_padding= »|10%||10%|true|true » locked= »off » global_colors_info= »{%22gcid-2762fa02-31d9-46d6-82b5-a327b359a0ec%22:%91%22icon_color%22,%22header_text_color%22%93} »][/et_pb_blurb][et_pb_text _builder_version= »4.27.0&Prime; _module_preset= »default » custom_margin= »0px|0px|7%|0px|false|false » custom_padding= »|5%||5%|false|true » locked= »off » global_colors_info= »{} »]</p>
<p data-start="254" data-end="599">L’<strong>EFT</strong>, aussi appelée « <strong>tapping</strong> », est une <strong>méthode simple, naturelle, remarquablement efficace et rapide  </strong>pour apaiser le stress, les émotions difficiles et certains blocages. Elle consiste à<strong> tapoter</strong> doucement sur des points précis du visage et du haut du corps <strong>tout en se « concentrant, ou disant ce que l’on ressent »</strong> : une émotion, un souvenir, une peur ou une situation qui pose problème. Elle est une forme de psychologie énergétique.</p>
<p data-start="601" data-end="786">Quand nous vivons du <strong>stress, le corps peut rester bloqué en mode alerte,</strong> même une fois la situation passée, longtemps après l&rsquo;évènement. <strong>L’EFT aide le système nerveux à se calmer et à retrouver un état de sécurité.</strong></p>
<p data-start="788" data-end="1028">En associant l’attention portée au problème et le tapping, le cerveau peut <strong>relâcher progressivement la tension émotionnelle</strong>. L’intensité diminue, le corps se détend, et la personne retrouve calme, clarté et  liberté intérieure.</p>
<p data-start="1030" data-end="1170"><strong>L’EFT est utilisée pour le stress, l’anxiété, les peurs, les phobies, le manque de confiance, les souvenirs difficiles, les douleurs, la fibromyalgie et certaines tensions corporelles etc.</strong> </p>
<p data-start="1030" data-end="1170"><strong><span style="text-decoration: underline;">Par exemple</span></strong> la <strong>peur des examens</strong>, difficultés d&rsquo;apprentissage, phobie des araignées, insomnie, <strong>manque d&rsquo;estime de soi</strong>, épaule bloquée. </p>
<p data-start="1030" data-end="1170">
<p style="text-align: justify;">
<p>[/et_pb_text][/et_pb_column][et_pb_column type= »1_3&Prime; _builder_version= »4.27.0&Prime; _module_preset= »default » global_colors_info= »{} »][et_pb_blurb title= »Origines » use_icon= »on » font_icon= »&#xf7d3;||fa||400&Prime; icon_color= »gcid-2762fa02-31d9-46d6-82b5-a327b359a0ec » image_icon_background_color= »RGBA(255,255,255,0) » icon_placement= »left » image_icon_width= »80px » _builder_version= »4.27.0&Prime; _module_preset= »default » header_font= »Poppins|700||||||| » header_text_align= »left » header_text_color= »gcid-2762fa02-31d9-46d6-82b5-a327b359a0ec » header_font_size= »18px » text_orientation= »justified » custom_margin= »0px|0px|3%|0px|false|false » custom_padding= »|10%||10%|true|true » locked= »off » global_colors_info= »{%22gcid-2762fa02-31d9-46d6-82b5-a327b359a0ec%22:%91%22icon_color%22,%22header_text_color%22%93} »][/et_pb_blurb][et_pb_text _builder_version= »4.27.0&Prime; _module_preset= »default » custom_margin= »0px|0px|7%|0px|false|false » custom_padding= »|5%||5%|false|true » locked= »off » global_colors_info= »{} »]</p>
<p>L&rsquo;<strong>EFT</strong> allie les connaissances issues:</p>
<p>&#8211; de l&rsquo;<strong>ancienne médecine chinoise</strong> concernant l&rsquo;acupuncture (système des méridiens, circulation de l&rsquo;énergie etc.).</p>
<p>&#8211; la Théorie par les champs de pensée  (<strong>TFT</strong>), dès 1980 (Roger Callahan). Recourant aux tapotements non invasifs au lieu des techniques avec aiguilles de l&rsquo;acupuncture.</p>
<p><strong>dans une discipline moderne, contemporaine,  appartenant au champ de la psychologie énergétique,</strong> dès 1995 (Gary Craig).  </p>
<p>&nbsp;</p>
<p>[/et_pb_text][/et_pb_column][/et_pb_row][/et_pb_section]</p>

<p>Dans la pratique de l’EFT, j’adopte une posture de présence calme, régulée et profondément sécurisante, où la sécurité émotionnelle et le respect du rythme de la personne accompagnée priment toujours. Je m’appuie sur une écoute fine à la fois émotionnelle, corporelle et narrative, et je travaille dans une position collaborative et non directive, sans jamais [&hellip;]</p>
